st the prime factors of z.
2, 5
Let j(c) = 52*c - 13. Let b be j(5). Suppose s - b = -3*z + 20, -5*z + 453 = -s. List the prime factors of z.
2, 3, 5
Let p = 3 - 17. Let c be (p + 18)*5/(-2). Let f = 39 + c. List the prime factors of f.
29
Suppose -2*q + 4*u = -6178, 11*q = 15*q + 3*u - 12400. List the prime factors of q.
19, 163
Suppose -5*y + 11 = 46. Let r = y + 81. List the prime factors of r.
2, 37
What are the prime factors of 8100/14 - (-128)/(-224)?
2, 17
Let f = 330 - 258. List the prime factors of f.
2, 3
Let s(b) = 7*b**2 - 2*b - 2. Let w be 45/(-6)*8/(-6). Suppose -j - 4*m + 14 = -0*m, -j = -4*m + w. What are the prime factors of s(j)?
2, 11
Suppose 3*w + 2 = 2*f + w, -3*w + 3 = -f. Suppose 4*l - 285 = -f*i, 4*i + 2*l = -l + 380. What are the prime factors of i?
5, 19
Let l = -28 - -30. Suppose 0 = -l*p - 8, 4*k + 2*p - 200 = -p. What are the prime factors of k?
53
Let i(j) = 3*j**2. Suppose -2*c + 5*c = 3*f - 9, 2*c + 10 = 4*f. Let x be i(c). Suppose -x = d - 11. List the prime factors of d.
2
Let m(h) = 57*h - 362. List the prime factors of m(24).
2, 503
Let j(r) = -10*r - 13. Let m be j(5). Let b = m + 196. What are the prime factors of b?
7, 19
Suppose 6*a - 2*i = 4*a + 12, 5*a + i - 24 = 0. Let j(h) = h**2 + 6*h - 4. List the prime factors of j(a).
3, 17
Suppose -8 + 3 = -m, -2*l - 2*m - 44 = 0. Let k = l + 30. Suppose 2*w - 87 = 2*g + 47, -w + k*g = -63. What are the prime factors of w?
3, 23
Suppose -2*h - 124 = 2*c + 108, 4*h = -2*c - 228. Let y = 182 + c. Suppose 2*i = -2*i + 2*m + 120, -5*m = 3*i - y. List the prime factors of i.
2, 7
Suppose -b - 3*g = -655, -g = -b + 6*b - 3205. List the prime factors of b.
2, 5
Let b(c) be the second derivative of c**3 - 7*c**2/2 - 10*c. What are the prime factors of b(7)?
5, 7
Let x = 35 - 33. Let t(s) = -10*s**2 + 10*s + 17 - s**3 + 5*s**x - 4 + 3*s**2. What are the prime factors of t(-5)?
2, 19
Let y(a) = -a**3 - 10*a**2 + 14*a - 15. Let g be y(-12). Let w = 208 - g. What are the prime factors of w?
103
Suppose -5*x = 5*d - 2870, -5*x + 10*x = -3*d + 1720. Suppose -d + 3155 = 15*o. What are the prime factors of o?
2, 43
Suppose 0 = -z - j + 32, -1 = 2*z + 4*j - 75. Suppose 4*c - z - 45 = 0. What are the prime factors of c?
2, 3
Let o(m) = m - 5. Let u be o(17). Let a = u + 64. List the prime factors of a*2*(-4)/(-16).
2, 19
Suppose k - 4 = 5*q + 31, -2*k + 31 = 3*q. Suppose 5*u = k + 25. List the prime factors of u.
3
Suppose 0*x + 3*x - 7 = -2*n, -4*n = -5*x + 19. Suppose -2 = x*f - 2*f. List the prime factors of (f/(-6))/((-1)/(-69)).
23
Suppose 2*r + 5*h = 138, 3*r - 229 = -3*h - 22. List the prime factors of r.
3, 23
Let p(b) = -2*b**2 + 7*b - 5. Let j be p(6). Let d = 236 + -186. Let u = d + j. What are the prime factors of u?
3, 5
Let h = 159 - 33. Suppose -43 = x - h. List the prime factors of x.
83
Let r = -4086 + 6081. What are the prime factors of r?
3, 5, 7, 19
Suppose -5*b + 20 = -50. What are the prime factors of (7/b)/(1/14)?
7
Let d(i) = 21*i**2 + 29*i - 301. What are the prime factors of d(8)?
3, 5, 17
Suppose -3*m + 54 = 3*f, -2*f + 91 = 5*m + 13. List the prime factors of m.
2, 7
Suppose 15*c - 8*c = 2891. Suppose -6*s + 235 = -c. What are the prime factors of s?
2, 3
Suppose -z - 2*l = -24 - 2, 5*l + 5 = 0. Suppose -b + z = 3*b. List the prime factors of b.
7
Let i be 165/42 - 4/(-56). Let c(p) = 0*p**3 - 5 + p**3 - 3*p + 6. List the prime factors of c(i).
53
Let a be (-7 - -1)/(-3) + 4. Let t(o) = -a*o + 7*o + 7*o. What are the prime factors of t(1)?
2
Suppose -23 = -2*m + 189. Let d = -64 + m. What are the prime factors of d?
2, 3, 7
Suppose -4*j + 147 + 1 = 0. Let t = 89 - j. Suppose 2*w - 16 = t. List the prime factors of w.
2, 17
Let j be (14/(-4) - -3)*0. Let w(a) = -8*a + 3*a + 2 + j + 2*a. List the prime factors of w(-3).
11
Suppose 6*l - 40 = l. Let f(j) = 11*j - 11. List the prime factors of f(l).
7, 11
Let h be (-1 - -63)/((-4)/14). Let v = -35 - h. List the prime factors of v.
2, 7, 13
Let j be 1*12*(-1560)/(-32). Let v = -313 + j. List the prime factors of v.
2, 17
Let b(z) = -z - 1. Suppose 5*v - 4 = 1. Let y(t) = -t**3 - 3*t**2 + t - 6. Let w(d) = v*y(d) + b(d). What are the prime factors of w(-5)?
43
Let v be ((-12)/(-48))/((-2)/(-328)). Let l = v + -32. What are the prime factors of l?
3
Suppose -2*t + 37 = 13. Let v be (4/(-3))/((-16)/t). What are the prime factors of v*3 + (-44)/(-4)?
2, 7
Suppose 0 = 3*w - 609 - 1266. Suppose 0 = -5*o + 2*s + w, 0*s = 3*s. What are the prime factors of o?
5
Suppose 6*y = y - 2*j, -25 = 5*j. Suppose -4*u - u = -y*d + 85, -60 = -d - u. List the prime factors of d.
5, 11
Let x(d) = 148*d**3 - 5*d**2 + 13. List the prime factors of x(3).
2, 991
Suppose -5*d + 95 = 3*g + 787, 4*d + 553 = -3*g. Let i = 196 + d. List the prime factors of i.
3, 19
Suppose -7*q + 2*q = 0. Suppose -4*u - 2*f + 536 = -7*f, q = 4*u - f - 520. List the prime factors of u.
3, 43
Let m(r) = 53*r**2 + 8*r - 9. Let x be m(5). What are the prime factors of (-4)/14 - x/(-42)?
2
Let f(y) = y**2 - 2*y. Let r be f(3). Suppose 5*n + r = 8, -2*p = -3*n + 3. Suppose p*t + 6 = 3*t. What are the prime factors of t?
2
Suppose 8 = 4*k, 4*h - 2*k + 59 = 3. Let v = h - -18. Suppose 3*j = -2*j - c + 161, -69 = -2*j - v*c. List the prime factors of j.
2
Let g(w) be the third derivative of w**4/8 + 29*w**3/2 - 19*w**2. What are the prime factors of g(0)?
3, 29
Suppose -15*z = -24*z + 36. Suppose -3*d = -4*i - 95, d = i + z*i + 50. What are the prime factors of d?
5
Let d = 2448 - 1412. What are the prime factors of d?
2, 7, 37
Let f(a) = -3*a**3 - 21*a**2 + 48*a - 8. List the prime factors of f(-13).
2, 5, 241
Let p be (-26)/(-10) + 12/30. Let w be (4 - p)/((-1)/(-12)). Suppose -15 = -3*z + w. List the prime factors of z.
3
Suppose -500 + 140 = -4*w. Let z = w + -18. List the prime factors of z.
2, 3
Let o = 11 + -8. Suppose 5*p = o*p + 210. List the prime factors of p.
3, 5, 7
Suppose 0 = o - 4*a - 0*a + 41, -o + 2*a = 33. Let d = o + 28. Suppose d*v - 100 = 14. What are the prime factors of v?
2, 19
Let o(n) = -n**2 - 4*n - 2. Let q be o(-2). Suppose -q = -5*y + 13. Suppose 56 = y*v - 5*t, -t + 53 = 5*v - 87. What are the prime factors of v?
3
Suppose -4*m + 4*v = 8*v - 2152, -4*m + 2142 = 2*v. List the prime factors of m.
13, 41
Suppose -6 = -3*t - 3*l, -6 = 2*t - 0*t + 4*l. Let h = 11 - t. What are the prime factors of h?
2
Let w = 102 - 98. Let m(q) = q + 10. Let h(v) = -5*v - 60. Let o(b) = 4*h(b) + 25*m(b). List the prime factors of o(w).
2, 3, 5
Suppose -5*g + 81 = -514. Let w = -8 + g. List the prime factors of w.
3, 37
Let q(a) = -a**3 + 8*a**2 - 8*a + 9. Let m be q(7). Suppose -375 = -m*u + 7*u. Let l = 143 + u. List the prime factors of l.
2, 17
Suppose 27*g - 320 = 35*g. Let b be 134/(-2) + 1 + -1. Let j = g - b. List the prime factors of j.
3
Suppose -4*i + 2*s + 5314 = 0, 0 = 2*i + 12*s - 8*s - 2682. List the prime factors of i.
11
Let s(l) = -21*l**3 - l - 12. What are the prime factors of s(-4)?
2, 167
Suppose -35 = 2*b + a - 6*a, -4*a = -2*b - 32. What are the prime factors of (-10 - b)*(-2)/(-4) + 99?
3, 11
Let r = 3 - 3. Let c(g) be the second derivative of g**4/12 - g**3/6 + 13*g**2/2 + 14*g. What are the prime factors of c(r)?
13
Let c be (0 - 3/(-6))*8. Suppose 310 = 5*y + c*u, -180 + 490 = 5*y - 5*u. Suppose -2*k + y = -0*k. What are the prime factors of k?
31
Let x(l) = l**3 + 12*l**2 - l - 7. Let b be x(-12). Suppose b*f + 68 = 238. What are the prime factors of f?
2, 17
Let x(f) = -13*f - 209. What are the prime factors of x(-45)?
2, 47
List the prime factors of (-36)/(-3)*(-1 - -3 - -28).
2, 3, 5
Suppose 3*f + 4611 + 600 = 4*m, -3*m + 3912 = -3*f. List the prime factors of m.
3, 433
Suppose 0*o = -4*k - o - 381, -o = -5*k - 474. Let z = -30 - k. What are the prime factors of z?
5, 13
Let l = 3002 + -1591. What are the prime factors of l?
17, 83
Let n(j) = 5*j**3 - 4*j**2 - 2*j + 3. Let k = 63 - 60. List the prime factors of n(k).
2, 3
Suppose -134*w + 124*w + 7990 = 0. What are the prime factors of w?
17, 47
Suppose 3*b + 346 = -r, -3*r = -4*b - 141 - 342. Let q = 280 + b. What are the prime factors of q?
163
Let r(n) = n**2 - 6*n + 7. Let c be r(5). Suppose 3*u = 4*x - 5, 0*x - 3*x + 4*u + c = 0. Suppose x*f - 81 = -f. What are